 2*i - h*i, -3*i + 108 = 2*r. Let b(d) = 3*d + 5. What is the remainder when r is divided by b(7)?
25
Suppose 4*a + 5*h = 11, 5*h = -5*a + 25 - 15. Calculate the remainder when 29 is divided by 2641/266 + a/(-14).
9
Suppose -5*r + 18 = 5*z - 27, 2*r - 4*z = 0. Calculate the remainder when 28 is divided by 48/6 - (r + -21).
5
Let a = -35 - -9. Let t = 89 + a. Suppose -4*z = -f - t, -2*z - 3*f - 21 = -70. Calculate the remainder when z is divided by 10.
7
What is the remainder when (-2666)/((-10)/(-12)*(-16)/40) is divided by 64?
62
Let j = -92 - -99. Suppose j*y - 60 = -39. Suppose -v + 30 = 2*v. Calculate the remainder when v is divided by y.
1
Let r = -2947 - -2958. What is the remainder when 1429 is divided by r?
10
Calculate the remainder when (479 - -2) + (-462)/(-66) is divided by 157.
17
Suppose -5*c = 3*p - 3591, -4*c - 3*p = -0*c - 2874. What is the remainder when c is divided by 95?
52
Let n(c) = -2*c**2 - 7*c + 96. Let m(b) = 10*b**2 + 35*b - 485. Let f(o) = -2*m(o) - 11*n(o). Calculate the remainder when f(-9) is divided by (2/4)/(3/42).
6
Let f(v) = -v**2 - 37*v + 300. What is the remainder when 544 is divided by f(6)?
40
Calculate the remainder when 925 is divided by (-505)/202*(-1*71 - (-5 + 8)).
0
What is the remainder when 2013/(4 + -1) - ((-12 - -7) + 3) is divided by 85?
78
Suppose 2*w + 160 = -4*y, y + 2 = 2*y. Let f be 2*-1 - (w + 13). Suppose 5*d = 174 - f. Calculate the remainder when 83 is divided by d.
20
Let u(g) = 2*g**3 - 73*g**2 - 103*g - 118. What is the remainder when u(38) is divided by 63?
48
Suppose 117*j = 106*j + 146124. What is the remainder when j is divided by 146?
144
Let q(j) = -j - 2. Let a be q(5). Let k(n) = -13*n + 79. What is the remainder when k(a) is divided by 11?
5
Let r(q) = -132*q + 331. What is the remainder when r(-2) is divided by 40?
35
Let m(g) = -g**3 + 2*g**2 + g + 10. Suppose 11*u + 5 = 38. Suppose 59 = u*b + 5. Calculate the remainder when b is divided by m(0).
8
Calculate the remainder when 547 is divided by (-6)/13*(-48360)/120.
175
Suppose -132*x - 66 = -138*x. Suppose -1 = -2*a + 3*y + 1, y - x = -a. What is the remainder when 12 is divided by a?
5
Calculate the remainder when 580 + (0 - (-27 + 14)) is divided by 98.
5
Let j(r) be the first derivative of -r**4/4 - 4*r**3/3 + 11*r**2/2 + r - 15. Let w = 4 - 2. Calculate the remainder when j(-6) is divided by w.
1
Suppose -6*v - 11*v + 11186 = 0. Suppose 3*p - v = -11*p. What is the remainder when p is divided by 28?
19
Let m = 8 - -983. Suppose -13*s - 315 = -m. Calculate the remainder when 165 is divided by s.
9
Let x = 11782 - 11770. What is the remainder when 2215 is divided by x?
7
Let r(n) = -7*n - 133. Let y(u) = 103*u**2 - u. What is the remainder when y(1) is divided by r(-22)?
18
Suppose 95 = n + 5*a, 6*a - 8 = -26. Calculate the remainder when n is divided by 14 - (0/4 + 0).
12
Let v(d) = d + 16. Let g be v(14). Suppose -g*h + 36*h - 18 = 0. Suppose 0 = h*p - 12 - 87. Calculate the remainder when 130 is divided by p.
31
Suppose 88*w - 2*u = 93*w - 42893, 4*w = 5*u + 34321. Calculate the remainder when w is divided by 14.
11
Calculate the remainder when 638 is divided by (-1780)/(-33) + 168/2772.
44
Let p = -3267 - -3351. What is the remainder when 375 is divided by p?
39
Let q be 15/9*(-3)/(-1). Let t be (-158)/(-16) - 5/(-40) - -3. Suppose -3*p + t = -q. What is the remainder when p is divided by 5?
1
Let q(j) = 3*j**2 - 8*j - 47. What is the remainder when (-2)/(-6) + (-8 - (-3000)/18) is divided by q(-4)?
27
Let q = -7230 + 7273. What is the remainder when q is divided by 27?
16
Let u = 498 - 213. Let a = u - 158. What is the remainder when a is divided by 34?
25
Calculate the remainder when 70 is divided by 120/(-150) + -4*(-11)/5 + 26.
2
Let o be (41 - 5) + 3 - 6. Suppose -6*g - o = -213. Calculate the remainder when 59 + (2 + 0 - 3) is divided by g.
28
Let f(m) = 4*m**3 - 8*m**2 + 20*m + 29. Calculate the remainder when f(10) is divided by 1141.
6
What is the remainder when -126*(-17 - -16) + (-5 - 0) is divided by 72?
49
Let k(g) = 18*g + 50. Let z be k(16). Suppose -4*v = -z + 54. Calculate the remainder when v is divided by 18.
17
Suppose -3*y + 15 = -2*a, 5*y = -a + 17 - 5. Let d be 2/(-10)*y - (-276)/60. Suppose d*t + 460 = 1204. What is the remainder when t is divided by 21?
18
Suppose 17*j - 1370 - 2421 = 0. Let f = 331 - j. Let r = f + -103. What is the remainder when r is divided by 2?
1
Let r(m) = -m**2 - 96*m - 2238. Calculate the remainder when ((-4)/(-6))/(2/186) is divided by r(-41).
11
Let g(o) = -581*o - 3386. What is the remainder when g(-8) is divided by 116?
102
Let u = 908 - 894. Suppose -m - 2*y = -192, 4*m - 3*y + 0*y = 779. What is the remainder when m - -1*(-2 - -2) is divided by u?
12
Suppose -3*k - 212 = -5*s - 37, 4*s + 2*k - 118 = 0. Let c = s + -15. Let o = 258 - 251. Calculate the remainder when c is divided by o.
3
Suppose 133 = 2*o + 121, -4*a - 2*o = -1512. What is the remainder when a is divided by 180?
15
Suppose -2034*y = -3*x - 2033*y + 90, x = -y + 18. Let r be 6/4 + 2/(-4). What is the remainder when x is divided by 2 - (0 - r)*8?
7
Calculate the remainder when 1480 is divided by (2*(-312)/(-12))/4.
11
What is the remainder when 160/60*(314 - 8) is divided by 137?
131
Let p(j) = -j - 30. Let i be p(-8). Let u(w) = -w**3 - 24*w**2 - 38*w + 138. What is the remainder when (-4)/(8/(-42)) + -2 is divided by u(i)?
1
Let w(y) = 1. Let c(r) = 3*r - 85. Let p(h) = -c(h) + 3*w(h). What is the remainder when p(-8) is divided by 41?
30
Suppose 10*u + 4*u - 28 = 0. What is the remainder when 85 is divided by (52/(-78))/(u/(-162))?
31
Suppose -3800 = -85*r - 802 + 742. What is the remainder when 155 is divided by r?
23
Let m = -38955 + 38985. What is the remainder when 3240 is divided by m?
0
Let p(r) = r + 59. Let l be 36/((3/(-6))/(2/4)). Calculate the remainder when p(l) is divided by 8.
7
Suppose 2*j = 31*j + 8091. What is the remainder when 182 is divided by ((-44)/(-66))/((-2)/j)?
89
Suppose 12133*u - 12131*u - 66 = 0. What is the remainder when 4354 is divided by u?
31
Let c(j) = -j + 4. Let f be c(13). What is the remainder when 2/(-11) + (-5664)/(-176) is divided by 30/(-9)*f/6?
2
Let h(g) = 2*g**3 + 9*g**2 + g - 2. What is the remainder when 2495 is divided by h(-2)?
15
Let q = 7 - 3. Suppose 11*d - 70 = q*d. Let c = 30 + d. What is the remainder when c is divided by 21?
19
Let t(a) = 2*a**3 - 32*a**2 + 44*a - 58. Calculate the remainder when 882 is divided by t(15).
122
Let h = 1786 + -1708. Calculate the remainder when 86 is divided by h.
8
Let y(j) = 850*j - 1820. Calculate the remainder when y(5) is divided by 25.
5
Suppose 0 = 5*s - 2*s - 5*a - 582, 0 = 2*s + 2*a - 372. Suppose -544 = -5*z - s. Calculate the remainder when z is divided by 42.
29
Let z = -38 - -45. Suppose 325 = 5*s - 5*i, -3*i = 3*s - z*i - 199. What is the remainder when s is divided by 32/(-3)*(-21)/14?
13
Let r be 12274/(-85)*((-5)/2 - 0). Suppose u - r = -5*g, 3*g + 4*u = -0*u + 220. Calculate the remainder when g is divided by 8.
0
Suppose 112*b = 143*b - 558. What is the remainder when 1594 is divided by b?
10
Suppose 5*y - 6*r = -3*r + 2666, 0 = 3*y - 4*r - 1604. Suppose y = -488*w + 492*w. What is the remainder when w is divided by 11?
1
Let k = 18023 - 18019. Let s be 0 - 2 - (-1 + -76). What is the remainder when (s/6)/5*6 is divided by k?
3
Let y be ((-3)/8)/(-3) + 410/(-80). Let v(t) = t**3 + 5*t**2 - 6*t - 16. Calculate the remainder when 193 is divided by v(y).
11
Suppose -3*l + 3*n = -161 - 328, 494 = 3*l - 4*n. What is the remainder when 300 is divided by l?
142
Let a = 29833 + -29779. Let v = -5 - -8. Suppose v*z + 2*t - 84 = 0, z - 2*t = t + 28. What is the remainder when a is divided by z?
26
Let m(g) = g + 6. Let l be m(-6). Suppose l = 5*y - 3*d - 130, y = -8*d + 3*d + 54. What is the remainder when 73 is divided by y?
15
Suppose 65 = 2*j + 7. Let o(f) = 5*f - 40. Let w be o(9). Suppose h + 3*m - 1 = 0, -w*h - 5*m = -2*m - 41. Calculate the remainder when j is divided by h.
9
Suppose 5573 + 2606 - 1090 = 17*d. What is the remainder when d is divided by 49?
25
Suppose 6776*s - 6764*s - 2004 = 0. Calculate the remainder when s is divided by 41.
3
Suppose 4*o - 607*m + 605*m - 442 = 0, 